 f(-13)?
2
Let n(f) be the third derivative of -1/24*f**4 + 0*f + 0 - 1/6*f**3 + 100*f**2. Give n(2).
-3
Let o(v) be the first derivative of 8*v**3/3 - 2*v**2 + 2*v - 1946. Determine o(3).
62
Let g(v) = 4*v + 82. Let a be -14 + (-9 - -5)*1. Determine g(a).
10
Let k(f) = f**2 - 4*f - 6. Let u be -1 + (0 - (-8 + 3) - -4). Let q be u/(-14) - (-138)/21. What is k(q)?
6
Suppose 2 = -q + 3. Let t(i) = 39*i**2 - 2*i + 5. Let n(a) = -119*a**2 + 7*a - 17. Let k(g) = 3*n(g) + 10*t(g). Calculate k(q).
33
Let k(s) be the third derivative of -10*s**4/3 + s**3/3 + 405*s**2. Give k(-1).
82
Let u(m) = -24*m - 305. Suppose -54*a + 128*a - 177 = -1139. Determine u(a).
7
Suppose -9*j - 42 = -60. Let x be 2*(3 - j) - (-6 - -4). Let p(o) = -o**2 + 4*o - 6. Calculate p(x).
-6
Suppose 0 = 2*i + 85 - 123. Let y = i - 9. Let b(v) = y - v**2 + 12*v - 22 + 5*v - 6*v. Calculate b(9).
6
Let x(b) = -b**2 + 11*b - 7. Let m(s) = -s**2 - 12*s - 48. Let a be m(-8). Let g = a + 27. Give x(g).
-7
Let w(q) = 2*q**2 + 50*q - 992. Let b be w(13). Let p(m) = -2*m**2 - 4*m + 14. Calculate p(b).
-2
Let q(r) be the first derivative of r**4/4 - 7*r**3/3 + 3*r**2/2 + 12*r - 1900. What is q(5)?
-23
Let v(t) = -t**3 - 12*t**2 + t + 18. Let p = 16520 - 16532. What is v(p)?
6
Suppose -2*c + m + 15 + 1 = 0, 4*c + 3*m = 22. Let h(z) be the first derivative of -7/2*z**2 + 19 + 3*z - 2*z**3 + 1/4*z**4. Determine h(c).
3
Let g(r) be the first derivative of r**4/4 - r**3 - 6*r**2 + r + 1. Suppose 13 = -115*x + 588. Determine g(x).
-9
Suppose -w - 8*w = -63. Let t(y) = 4*y**2 + 12*y - 10*y - w*y**3 + 6*y**3 - 2. Let v(x) = x**3 + 6*x**2 + 2. Let l be v(-6). Give t(l).
10
Let h(j) = -j**2 - 2*j - 4. Let y(t) = 4*t**2 - 10*t + 60. Let n(m) = -3*h(m) - y(m). What is n(13)?
-9
Suppose -4*h = -1 - 3. Suppose 7*u = 28*u - 5145. Let d(z) = -6*z**2 - u*z - z**3 + 5*z**2 + 247*z - 1. What is d(h)?
-1
Suppose 3821*q - 3825*q = -8. Let a = 3 + -3. Let g(d) = -q*d + 15*d**2 - 19*d**2 + a*d - d. What is g(-3)?
-27
Let f(j) = j**3 - 5*j**2 - 8*j + 15. Let m be f(6). Let p(h) = 31*h**2 - m + 5*h - 60*h**2 + 0*h + 30*h**2. Determine p(3).
21
Let q = 2 - 6. Let h = 291 + -281. Let d(j) = h*j + 15*j + 6 - 22*j. Give d(q).
-6
Let l(k) = 7*k - 2. Suppose -m = 5*y + 10, 3*m - 30 = 4*y + y. Let v be (-1 - (-2)/2)/(5/m). Determine l(v).
-2
Let d(h) = 2 + h + 0*h - 41669*h**2 + 41678*h**2 - h**3. Calculate d(6).
116
Let y(a) be the second derivative of -a**3/3 + a**2 + 638*a + 2. Let u = -8 - -14. What is y(u)?
-10
Let p be 6/(-9)*27/(-6). Let v(q) = -4*q**3 + 6*q**2 + 2*q - 3. Let b(z) = -z**3 + z**2 - z - 1. Let h(l) = p*b(l) - v(l). Let n = -183 - -187. Determine h(n).
-4
Let v = -21780 - -21702. Let n(d) = d**3 + 76*d**2 - 159*d - 232. Determine n(v).
2
Let x(n) = 2 + 0*n**3 - 3*n + 8*n + n**3 + 5*n**2. Suppose -w = -5*b - 23, b + 3713 - 3702 = w. Calculate x(b).
5
Suppose -9*g - 414 = 34*g + 3*g. Let m(l) = -l**3 - 9*l**2 + l + 30. Calculate m(g).
21
Suppose -38*x + 270 = -11*x. Let n(p) = 1 + 293*p**2 - 292*p**2 + p - x - 4. Give n(0).
-13
Let g(c) = -c**3 - 8*c**2 - 9*c - 2. Let d(m) = m**3 + 10*m - 16 - 9 - 14 + 40 + 9*m**2. Let l(x) = -4*d(x) - 5*g(x). What is l(-3)?
0
Let n(w) = -w + 3. Suppose 24*t + 15*t + 2145 = 0. Let c be 36/66 + (-300)/t. Determine n(c).
-3
Let r be 1/8 + ((-57)/8 - 3). Let n(i) = i**3 + 9*i**2 - 14*i - 43. Give n(r).
-3
Suppose -6*j + 11*j + 10 = 0. Let t(a) = 16*a**2 + 51*a + 1. Let y(o) = -3*o**2 - 10*o. Let z(n) = j*t(n) - 11*y(n). What is z(-8)?
-2
Let c(y) = -y**3 - 36*y**2 - 20*y + 522. Let x be c(-35). Let m(j) = j**3 + j**2 - 5*j - 8. Determine m(x).
-11
Let x(j) = 2 - 4*j**3 - 2*j**2 - 2*j**3 + 2*j + 5*j**3. Let g = -24438 + 24436. Calculate x(g).
-2
Suppose 7*w + 0*w - 14 = 0. Let c(g) = -g + 4 + w - 4*g**3 - 28*g**2 + 23*g**2 + 5*g**3. Suppose 14 + 1 = 3*q. Determine c(q).
1
Let k(x) = -7*x**2 + 9*x + 60. Let o(p) = 8*p**2 - 7*p - 61. Let t(w) = -7*k(w) - 6*o(w). Determine t(24).
18
Suppose -2*q + a - 1 + 3 = 0, 0 = -q - 2*a - 4. Let r(j) be the first derivative of 3*j - 1/2*j**2 - 1/3*j**3 + 4. Determine r(q).
3
Let y(u) = 4*u - 96. Let j(i) = 3*i - 53. Let x(v) = 11*j(v) - 6*y(v). Calculate x(2).
11
Let v(d) = -d**3 + 23*d**2 - 11*d + 246. Suppose -4*b + 4*u + 116 = 0, 94*b + 7 = 93*b - 5*u. Determine v(b).
-7
Let o(p) = 6*p - 46. Let a(u) = -u + 10. Let t be a(3). Calculate o(t).
-4
Let t(s) = -s - 8. Let n = -958 - -528. Let o = -447 - n. Calculate t(o).
9
Suppose 17772*s + 12 = -4*i + 17773*s, i - 4*s = -18. Let h(p) = -13*p**2 + 2*p - p - 3*p - 1. Calculate h(i).
-49
Let z(w) = w + 14. Let s(k) = 64*k - 161*k + 59*k + 32. Let j be s(1). What is z(j)?
8
Suppose 4*b = 2*v - 3540, 9*b - 12*b + 3*v = 2658. Let r = b + 885. Let f(m) be the third derivative of m**6/60 + m**3/6 + m**2. Determine f(r).
3
Let n(w) = 6*w**2 - 5*w - 7. Let u(h) be the third derivative of 1/6*h**4 - 4*h**2 + 0*h + 0 - 1/12*h**5 + h**3. Let t(p) = -4*n(p) - 5*u(p). Determine t(0).
-2
Let j(f) = 4*f**2 - 10 + 7*f**2 - 3089*f + 3077*f + f**2 + f**3. Give j(-13).
-23
Let b(q) = -q - 12. Let p(d) = d**3 - 8*d**2 - 19*d - 8. Let a be p(10). Suppose -3*j = 5*h - 7*j + 51, 3*h = -a*j - 13. Determine b(h).
-5
Let r(t) = 9*t + 28 - 3806*t**3 + 5*t**2 + 3805*t**3 + 0*t**2. Determine r(7).
-7
Suppose 5*z + 22 = -18. Let b(u) be the first derivative of u**3/3 + 7*u**2/2 - 4*u - 85102. What is b(z)?
4
Let j(l) = l**3 + 3*l**2 - 10*l - 6. Suppose -8 = 2*x, 0*c - x = 2*c + 150. Let o = c - -68. What is j(o)?
-6
Let p(w) = -5*w**3 - w - 1. Let l be p(-1). Let x(j) = -j**2 - j. Let n(f) = -4*f**2 + 3*f - 4. Let v(i) = n(i) - 3*x(i). Determine v(l).
1
Let m(d) = 2*d + 9. Let h be m(-5). Let g(y) be the first derivative of 22 - y + 1/3*y**3 - y**2. Calculate g(h).
2
Let v(a) = -a**2 + 9*a + 77. Let w = 1407 - 1392. Give v(w).
-13
Let b(g) be the second derivative of g**5/20 + 2*g**4/3 + 7*g**3/6 - 20*g**2 - 5875*g. Calculate b(-6).
-10
Suppose 41*g - 15 - 27 = 34*g. Let x(y) = -y**3 + 5*y**2 + 10*y - 16. What is x(g)?
8
Let a(v) = 49*v + 1721. Let i be a(-35). Let m(q) = q**2 - 7*q - 5. What is m(i)?
-11
Let v(c) = 7*c + 6*c - 17*c + 4 + 5*c. Let r(y) be the second derivative of -y**2 + 17*y. Let s(z) = 2*r(z) + 2*v(z). Determine s(-7).
-10
Let f(p) = p**2 + 7 - 31*p + 3*p**2 + 10*p. Let t = -35 + 26. Let o(q) = q**2 - 5*q + 2. Let x(n) = t*o(n) + 2*f(n). What is x(5)?
-14
Let d(x) = -3*x**2 + x - 1. Let u(b) = -b**3 - 9*b**2 + 39*b + 39. Let n be u(-12). Determine d(n).
-25
Let o(v) = -v**2 + 7*v + 11. Let i be o(8). Let t = 7 - i. Let d(y) = 12 - 12 - 279*y + 278*y. What is d(t)?
-4
Let m(k) = 2*k - 18. Let p(t) = -3*t + 38. Let o(a) = 5*m(a) + 3*p(a). Let q = -257 - -257. Determine o(q).
24
Suppose -15 = -4*f - f. Let g(v) = -1 + 4*v**f + 2*v + 10*v**3 - 4*v**3. Suppose 64*y + 179 = 243. What is g(y)?
11
Suppose -r + 2*r = 5*k + 5, 4*k + 2*r = 10. Let a(g) = g**2 + 2. Let z be a(k). Let l(j) be the second derivative of 5*j**3/6 - j**2/2 - j + 3. Calculate l(z).
9
Let c(n) = 3*n - 9. Suppose -21 = -4*j + j + 4*f, -3*j - 2*f = -3. Suppose -12 = o - 4*o + j*b, 4*o + 4*b = 32. Determine c(o).
9
Let f(w) = 114008*w + 1 + 4 - 114025*w. Calculate f(3).
-46
Suppose 11*h = 256 - 3. Let c(v) = -v**3 + 23*v**2 + 3*v - 56. Let g be c(h). Let x(p) = -p**2 + 13*p + 15. Calculate x(g).
15
Let f(x) = x**2 - 11*x - 4. Let q(u) = u**2 - 10*u - 4. Let w(j) = 2*f(j) - 3*q(j). Let y(h) = -11*h**3 - 192*h**2 - 85*h + 8. Let t be y(-17). Determine w(t).
4
Let s(l) be the third derivative of -l**4/24 + 9*l**3/2 - 644*l**2. Calculate s(22).
5
Let g(t) be the third derivative of -9*t**4/8 - 37*t**3/6 + 2210*t**2. Calculate g(-2).
17
Let z(u) = -u - 64*u**2 - 20*u**2 + 85*u**2 - 6. Give z(-3).
6
Let w(h) = -10*h**2 + 1. Let o(l) = -l**2 - 60*l + 1037. Let z be o(14). What is w(z)?
-9
Let t(a) = -a**2 + 2*a + 13. Let s be t(0). Let j(k) = -k**3 + 12*k**2 + 11*k + 20. Let w be j(s). Let c(g) = g**3 + 7*g**2 + 5*g + 8. What is c(w)?
14
Suppose k + 19*y = -191, 4*k - 3*y = -69 - 142. Let m(b) = -b**3 - 58*b**2 + 3*b + 191. Give m(k).
17
Let x be (-704)/10 - ((-28)/20 - -2). Let p = x + 76. Let k(z) = 3*z + 4. Determine k(p).
19
Let m(k) = -k**2 - 2*k + 3. Suppose 0 = 2*y - y + 2. Let x(q) be the first derivative of -q**3/3 - 145. Let b be x(y